76. Suppose 179*h + y = 182*h. What are the prime factors of h?
3, 11
Let f(j) = 10*j**2 + j - 3. Let n be f(13). Suppose 6*l + 20 = n. List the prime factors of l.
2, 5, 7
What are the prime factors of (-2)/4*(8 + 8704/(-12))*102?
2, 17, 269
Let f(c) be the third derivative of c**6/24 - 7*c**5/60 + c**4/3 - 25*c**3/6 - 5*c**2 - 5*c. List the prime factors of f(6).
23, 37
Let x(t) = 2 + 16*t**3 - 4*t**2 - 6 + 10*t - 14*t**3. Let o be x(5). Suppose -2*i = 3*i - 2*z - 198, -o = -5*i + 4*z. What are the prime factors of i?
2, 5
Suppose 11 = 5*l + 6. Let t(v) = 449*v - 1. Let z be t(l). Suppose -a - z = -9*a. What are the prime factors of a?
2, 7
Let x be (21/7 - (-1 - 4))/2. What are the prime factors of (106/159)/(x/4362*1)?
727
What are the prime factors of (-78508)/228*(-11 + -1)?
2, 1033
Suppose 176*g - 98885 = 388635. List the prime factors of g.
2, 5, 277
Suppose -48*d - 1008 = -36*d. Let n = d - -1749. What are the prime factors of n?
3, 5, 37
Let w = 14 - 10. Suppose -2*p - 258 = 3*o, -4*p + w*o = -0*p + 516. Let t = p + 220. List the prime factors of t.
7, 13
Let b(k) = -56*k**2 - 6*k + 1. Let a be b(-3). Let v be (-30)/((-147)/(-153) + -1). Let z = a + v. List the prime factors of z.
2, 5, 7
Suppose -7*z + 15352 = -3*i + 3034, -2*z + 4*i + 3532 = 0. List the prime factors of z.
2, 3, 293
Suppose -5*p + 5*b = -21955, 2*b + 14733 = 4*p - 2827. Suppose 8*c = -1189 + p. What are the prime factors of c?
2, 5
Let c(p) = -65 - 58 + 63*p + 221. List the prime factors of c(11).
7, 113
Suppose 113*k - 101*k - 5928 = 0. Let x = k + -316. List the prime factors of x.
2, 89
Suppose -n + 25 = 4*m, -25 = -2*m + 3*n - 6*n. Suppose 3*o - 4*o + s + m = 0, 5*s + 5 = -5*o. Suppose o*b - 6 - 10 = 0. List the prime factors of b.
2
Let z(s) be the third derivative of s**4/4 + 89*s**3/6 - 2*s**2 - 21. Let v be (1 + -1)/(0 - -1). What are the prime factors of z(v)?
89
Suppose -1165 = 5*o - 3*p + 801, 772 = -2*o + 3*p. Let d(w) = -299*w. Let z be d(-2). Let v = z + o. What are the prime factors of v?
2, 5
Suppose 4*c - 15 = 1, 0 = 4*s + 4*c - 36. Suppose 17*x + s*x = 7700. What are the prime factors of x?
2, 5, 7
Let t(q) = -254*q**2 + 13*q - 27. Let d be t(4). Let l = 5912 + d. List the prime factors of l.
1873
Suppose 9*v = v - 3*v. Let a be 74/2 - (-10)/(-5). Suppose v*o - a = -5*o. List the prime factors of o.
7
Let l(m) = -m**3 + 99*m**2 - 66*m + 2583. What are the prime factors of l(98)?
7, 19, 43
Suppose -o - 3*d + 11 = 206, -3*d + 597 = -3*o. Suppose i - 358 = -22*u + 26*u, 4*u = -4*i + 1492. Let q = i + o. List the prime factors of q.
2, 43
Suppose 56*v - 57*v + 37795 = -2*c, -4*c = -5*v + 188981. List the prime factors of v.
3, 43, 293
Suppose 20*j - 39*j = -15*j - 82696. List the prime factors of j.
2, 10337
Let r be -372*(-2 + -1)/1. Let z = r + -578. What are the prime factors of z?
2, 269
Suppose -39098 + 2319630 = 74*y. List the prime factors of y.
2, 19, 811
Suppose 4*s + p - 13 = 8, 8 = 2*s - 2*p. Suppose s*j + 429 - 1889 = 0. List the prime factors of j.
2, 73
Suppose 4*x - 4*h = -68, h = 3*x + 5*h + 30. Let k(f) = -f**2 - 11*f + 48. Let i be k(x). Let z = i - -45. What are the prime factors of z?
3, 17
Let m(x) = -x**2 + x + 6. Let g(i) = i**2 + 10*i + 21. Let y be g(-6). Let p be m(y). What are the prime factors of (6/4)/(p/(-368))?
2, 23
Suppose -3*s - 4*h - 202 = 0, -9*s + 4*s = -2*h + 328. List the prime factors of s*(27 + -25 + -4 + 1).
2, 3, 11
Suppose -d = -5*w - 13923, -2989*d - 3*w + 41877 = -2986*d. What are the prime factors of d?
3, 4651
Let l(n) = n**3 + 5*n**2 + 7*n + 3. Let a be l(-3). Suppose -6*k + 9*k - 4*b - 965 = a, -15 = 3*b. What are the prime factors of k?
3, 5, 7
Let c = 8108 - -4559. What are the prime factors of c?
53, 239
Suppose v - 24 = -372. Suppose -f - 200 + 715 = -q, q = -5*f + 2605. Let t = v + f. List the prime factors of t.
2, 43
Suppose -27 = -2*c - c. Let s be (-268)/(-12) - 3/c. Suppose -86 = -2*o + 3*i + s, 0 = 4*i + 16. List the prime factors of o.
2, 3
Suppose 5*h - 4*o = -6357, -h + 4*h = -2*o - 3801. Let w = 2363 + h. List the prime factors of w.
2, 547
Let t = -96 + 257. Let v = 472 - t. List the prime factors of v.
311
Let m(w) = 59*w - 327. Suppose 13*h = 29*h - 320. What are the prime factors of m(h)?
853
Let c(b) = b**2 + b - 5. Let k(x) = -2*x**2 + 4*x**2 - 2 - 3*x**2 + 6. Let j(o) = 3*c(o) + 2*k(o). What are the prime factors of j(7)?
3, 7
Let o(x) = 4*x**2 - 39*x - 10. Let w be o(10). Suppose 3*l = -w*l + k - 71, -5*l - k = 129. What are the prime factors of l + 23 + (24 - 1) + 0?
3, 7
Suppose -6*g - 38638 + 540 = -j, -j + 38128 = 4*g. What are the prime factors of j?
2, 13, 733
Suppose -2*u - 9*i + 30 = -6*i, -4*i + 15 = u. Suppose 2*v = v - w + 5, 2*w = -3*v + u. What are the prime factors of v?
5
Let h be 1/(8/4*(-2)/1196). What are the prime factors of (5 + 55/(-10))*(h - -1)?
149
What are the prime factors of (-18 - -25)/(2/(-1490)*-1)?
5, 7, 149
Suppose -6*s + 8*s - 22 = 0. Suppose -10*a - 2 = -s*a. Suppose l + 2*k = 88, -k - 211 = -2*l + a*k. What are the prime factors of l?
2, 7
Suppose -u + g + 3*g = 22, -u = 3*g - 6. Let s be (u/4)/((-314)/80 - -4). What are the prime factors of 2 + (-495)/s + 6/(-8)?
2, 13
Suppose 30*j = 28*j + 2*s + 5674, -j + 2855 = -4*s. List the prime factors of j.
19, 149
Let r be (-75)/(-21) - 3 - 1168/(-14). Let z = r + -82. What are the prime factors of 9*201/12 - z/(-8)?
151
Suppose -11*l + 187 = 33. Suppose -9*c = -l*c. List the prime factors of 1/(c + 1/3) + 8.
11
Let u = -294 + 450. List the prime factors of (-7917)/u*(-16)/2.
2, 7, 29
Let l(v) = -42*v**3 + 2*v**2 + 6*v + 9. Suppose -65*h + 3 = -i - 62*h, -2*i - 4*h = 6. List the prime factors of l(i).
3, 127
Let a(h) = 9790*h - 2975. What are the prime factors of a(5)?
3, 5, 613
Let r(d) = -d**2 + 22*d + 10. Suppose -3*k + 52 + 5 = 0. Let o be r(k). Suppose -48 = -5*h + o. What are the prime factors of h?
23
Let f = -8372 + 23019. List the prime factors of f.
97, 151
What are the prime factors of (-895015)/(-30) - (667/(-2346) + (-4)/(-34))?
2, 7, 2131
Suppose -2*y + 2*f + 108 - 30 = 0, 5*f = -5*y + 245. Let d = y - 44. Suppose -5*v + 229 + 171 = d. List the prime factors of v.
2, 5
Let i(t) = 14*t**2 + 25*t - 42. What are the prime factors of i(-40)?
2, 59, 181
Let r(y) = -y**3 - 21*y**2 + 45*y + 45. Suppose -35*t = -16*t + 437. List the prime factors of r(t).
2, 17
Let q = -1723 - -3637. List the prime factors of q.
2, 3, 11, 29
List the prime factors of 8/(-48)*(8 + -5 + 1)*-28227.
2, 97
Let b(n) = -20*n**2 - 3*n - 2. Let s be b(-1). List the prime factors of s*(1 + (-4)/2).
19
Let q be ((-82)/4)/((-3)/(-6)). Let j = q - -43. What are the prime factors of (10/4 - j)*34?
17
Let j be (0 - 0)/(1 + -5). Suppose 5*o + 349 = -m + 1491, j = 3*o + 6. List the prime factors of m.
2, 3
Suppose -4*b - 6 = h + h, -4*h - 12 = -3*b. List the prime factors of (0 - b)/(-1) - -232.
2, 29
Let k(j) = -j**3 - 9*j**2 + 22*j - 18. Let r = -135 - -123. List the prime factors of k(r).
2, 3, 5
Suppose 0 = 5*p + 4*y - 3996, -8*p = -2*p + y - 4818. List the prime factors of p.
2, 3, 67
Suppose 15*u - 85 = 20. Suppose 2*z = -g + 350, -3*g + u*z - 2*z = -1094. What are the prime factors of g?
2, 179
Let a(y) = -y**2 + 24*y - 130. Let h be a(13). Suppose -h*m + 1820 = -0*m. List the prime factors of m.
2, 5, 7
Let w(s) = -75*s + 15. Suppose 4*c = 5*t - 37, -2*c - 7 + 21 = 4*t. What are the prime factors of w(c)?
2, 3, 5
Let v = -8747 + 18467. What are the prime factors of v?
2, 3, 5
Let f(m) = m**2 + 6*m + 91. Let a be f(16). Let z = a - -425. List the prime factors of z.
2, 7, 31
Let j be (-3)/(45/2) + 320472/(-135). Let w = 854 - j. What are the prime factors of w/48 - -2*1/(-8)?
67
Let o = 2250 + -1471. Let l = o + 86. What are the prime factors of l?
5, 173
Let v be (1 - (-77424)/26) + 270/1755. List the prime factors of (-18)/(-135)*v + 1/(-5).
397
Let u be (-30)/(-10)*1/((-1)/6). Suppose -2*h = 4*t - 4*h - 222, 99 = 2*t + 3*h. Let f = t - u. What are the prime factors of f?
2, 3
Suppose 13*s + 447 = 44. What are the prime factors of 15/4*s/(93/(-72))?
2, 3, 5
Suppose 0 = 4*d - 4 - 12. Suppose 0 = -d*i + r + 4068, i - 3*i = r - 2028. What are the prime factors of i?
2, 127
Let l = -4046 + 7497. What are the prime facto